{"id":39934,"date":"2019-01-03T23:30:22","date_gmt":"2019-01-03T21:30:22","guid":{"rendered":"https:\/\/www.aclanester56.com\/velo\/?page_id=39934"},"modified":"2019-01-03T23:30:22","modified_gmt":"2019-01-03T21:30:22","slug":"charte-du-licencie","status":"publish","type":"page","link":"https:\/\/www.aclanester56.com\/velo\/charte-du-licencie\/","title":{"rendered":"Charte du licenci\u00e9"},"content":{"rendered":"<h3>AVENIR CYCLISTE LANESTER 56 &#8211; CHARTE DU LICENCIE<\/h3>\n<p>&nbsp;<\/p>\n<p>Pour pratiquer le cyclisme dans un bon esprit, les membres du club (toutes cat\u00e9gories confondues) se doivent de&nbsp;respecter cette charte. En cas de non respect de celle-ci, des sanctions pourront \u00eatre prises (cf article 11 du r\u00e8glement&nbsp;int\u00e9rieur) par les membres du Comit\u00e9 Directeur.<\/p>\n<h4>Je m&rsquo;engage \u00e0 :<\/h4>\n<ul>\n<li>Porter obligatoirement un casque homologu\u00e9 \u00e0 l&rsquo;entra\u00eenement et en comp\u00e9tition<\/li>\n<li>&nbsp;Me conformer \u00e0 la r\u00e9glementation de la F\u00e9d\u00e9ration Fran\u00e7aise de Cyclisme<\/li>\n<li>&nbsp;Me conformer au r\u00e8glement int\u00e9rieur du club<\/li>\n<li>&nbsp;Participer \u00e0 la vie du club<\/li>\n<li>&nbsp;Respecter les dirigeants, les encadrants et les b\u00e9n\u00e9voles car, sans eux, le club n&rsquo;existerait pas<\/li>\n<li>&nbsp;Respecter le code de la route \u00e0 l&rsquo;entra\u00eenement et en comp\u00e9tition<\/li>\n<li>&nbsp;Pr\u00e9server la nature lors de mes entra\u00eenements et mes courses<\/li>\n<li>&nbsp;D\u00e9fendre mes chances en respectant l&rsquo;\u00e9thique du sport<\/li>\n<li>&nbsp;Suivre les directives des arbitres et ne pas discuter leurs d\u00e9cisions<\/li>\n<li>&nbsp;Porter haut les couleurs du club, avoir l&rsquo;esprit d&rsquo;\u00e9quipe sans oublier que le cyclisme reste&nbsp;avant tout un loisir<\/li>\n<\/ul>\n<h4>Je m&rsquo;interdis :<\/h4>\n<ul>\n<li>D&rsquo;avoir un comportement dangereux envers les autres coureurs<\/li>\n<li>D&rsquo;\u00eatre irrespectueux avec les b\u00e9n\u00e9voles, les arbitres, et les autres coureurs et d&rsquo;avoir des&nbsp;gestes d\u00e9plac\u00e9s<\/li>\n<li>D&rsquo;avoir recours \u00e0 des produits et proc\u00e9d\u00e9s illicites en vue d&rsquo;am\u00e9liorer mes performances<\/li>\n<\/ul>\n<p>Charte valid\u00e9e par le Comit\u00e9 Directeur du 07 d\u00e9cembre 2018<br \/>\nAC Lanester 56 \u2013 Charte version 18.12.7<\/p>\n<p>Au format PDF :&nbsp;<a href=\"https:\/\/www.aclanester56.com\/velo\/wp-content\/uploads\/2019\/01\/ACL56-Charte-v18.12.7.pdf\">ACL56 &#8211; Charte v18.12.7<\/a><\/p>\n","protected":false},"excerpt":{"rendered":"<p>AVENIR CYCLISTE LANESTER 56 &#8211; CHARTE DU LICENCIE &nbsp; Pour pratiquer le cyclisme dans un bon esprit, les membres du [&hellip;]<\/p>\n","protected":false},"author":2,"featured_media":0,"parent":0,"menu_order":0,"comment_status":"closed","ping_status":"closed","template":"","meta":{"ngg_post_thumbnail":0,"footnotes":""},"class_list":["post-39934","page","type-page","status-publish","format-standard","hentry"],"yoast_head":"<!-- This site is optimized with the Yoast SEO plugin v27.5 - https:\/\/yoast.com\/product\/yoast-seo-wordpress\/ -->\n<title>Charte du licenci\u00e9 - Avenir Cycliste Lanester 56<\/title>\n<meta name=\"robots\" content=\"index, follow, max-snippet:-1, max-image-preview:large, max-video-preview:-1\" \/>\n<link rel=\"canonical\" href=\"https:\/\/www.aclanester56.com\/velo\/charte-du-licencie\/\" \/>\n<meta property=\"og:locale\" content=\"fr_FR\" \/>\n<meta property=\"og:type\" content=\"article\" \/>\n<meta property=\"og:title\" content=\"Charte du licenci\u00e9 - Avenir Cycliste Lanester 56\" \/>\n<meta property=\"og:description\" content=\"AVENIR CYCLISTE LANESTER 56 &#8211; CHARTE DU LICENCIE &nbsp; Pour pratiquer le cyclisme dans un bon esprit, les membres du [&hellip;]\" \/>\n<meta property=\"og:url\" content=\"https:\/\/www.aclanester56.com\/velo\/charte-du-licencie\/\" \/>\n<meta property=\"og:site_name\" content=\"Avenir Cycliste Lanester 56\" \/>\n<meta property=\"article:publisher\" content=\"https:\/\/www.facebook.com\/pages\/AC-Lanester-56\/190286300991242?fref=ts\" \/>\n<meta name=\"twitter:label1\" content=\"Dur\u00e9e de lecture estim\u00e9e\" \/>\n\t<meta name=\"twitter:data1\" content=\"1 minute\" \/>\n<script type=\"application\/ld+json\" class=\"yoast-schema-graph\">{\"@context\":\"https:\\\/\\\/schema.org\",\"@graph\":[{\"@type\":\"WebPage\",\"@id\":\"https:\\\/\\\/www.aclanester56.com\\\/velo\\\/charte-du-licencie\\\/\",\"url\":\"https:\\\/\\\/www.aclanester56.com\\\/velo\\\/charte-du-licencie\\\/\",\"name\":\"Charte du licenci\u00e9 - Avenir Cycliste Lanester 56\",\"isPartOf\":{\"@id\":\"https:\\\/\\\/www.aclanester56.com\\\/velo\\\/#website\"},\"datePublished\":\"2019-01-03T21:30:22+00:00\",\"inLanguage\":\"fr-FR\",\"potentialAction\":[{\"@type\":\"ReadAction\",\"target\":[\"https:\\\/\\\/www.aclanester56.com\\\/velo\\\/charte-du-licencie\\\/\"]}]},{\"@type\":\"WebSite\",\"@id\":\"https:\\\/\\\/www.aclanester56.com\\\/velo\\\/#website\",\"url\":\"https:\\\/\\\/www.aclanester56.com\\\/velo\\\/\",\"name\":\"Avenir Cycliste Lanester 56\",\"description\":\"Club cycliste de l&#039;AC LANESTER 56\",\"publisher\":{\"@id\":\"https:\\\/\\\/www.aclanester56.com\\\/velo\\\/#organization\"},\"potentialAction\":[{\"@type\":\"SearchAction\",\"target\":{\"@type\":\"EntryPoint\",\"urlTemplate\":\"https:\\\/\\\/www.aclanester56.com\\\/velo\\\/?s={search_term_string}\"},\"query-input\":{\"@type\":\"PropertyValueSpecification\",\"valueRequired\":true,\"valueName\":\"search_term_string\"}}],\"inLanguage\":\"fr-FR\"},{\"@type\":\"Organization\",\"@id\":\"https:\\\/\\\/www.aclanester56.com\\\/velo\\\/#organization\",\"name\":\"Avenir Cycliste Lanester 56\",\"url\":\"https:\\\/\\\/www.aclanester56.com\\\/velo\\\/\",\"logo\":{\"@type\":\"ImageObject\",\"inLanguage\":\"fr-FR\",\"@id\":\"https:\\\/\\\/www.aclanester56.com\\\/velo\\\/#\\\/schema\\\/logo\\\/image\\\/\",\"url\":\"https:\\\/\\\/www.aclanester56.com\\\/velo\\\/wp-content\\\/uploads\\\/2013\\\/04\\\/logo-ACL.jpg\",\"contentUrl\":\"https:\\\/\\\/www.aclanester56.com\\\/velo\\\/wp-content\\\/uploads\\\/2013\\\/04\\\/logo-ACL.jpg\",\"width\":400,\"height\":334,\"caption\":\"Avenir Cycliste Lanester 56\"},\"image\":{\"@id\":\"https:\\\/\\\/www.aclanester56.com\\\/velo\\\/#\\\/schema\\\/logo\\\/image\\\/\"},\"sameAs\":[\"https:\\\/\\\/www.facebook.com\\\/pages\\\/AC-Lanester-56\\\/190286300991242?fref=ts\"]}]}<\/script>\n<!-- \/ Yoast SEO plugin. -->","yoast_head_json":{"title":"Charte du licenci\u00e9 - Avenir Cycliste Lanester 56","robots":{"index":"index","follow":"follow","max-snippet":"max-snippet:-1","max-image-preview":"max-image-preview:large","max-video-preview":"max-video-preview:-1"},"canonical":"https:\/\/www.aclanester56.com\/velo\/charte-du-licencie\/","og_locale":"fr_FR","og_type":"article","og_title":"Charte du licenci\u00e9 - Avenir Cycliste Lanester 56","og_description":"AVENIR CYCLISTE LANESTER 56 &#8211; CHARTE DU LICENCIE &nbsp; Pour pratiquer le cyclisme dans un bon esprit, les membres du [&hellip;]","og_url":"https:\/\/www.aclanester56.com\/velo\/charte-du-licencie\/","og_site_name":"Avenir Cycliste Lanester 56","article_publisher":"https:\/\/www.facebook.com\/pages\/AC-Lanester-56\/190286300991242?fref=ts","twitter_misc":{"Dur\u00e9e de lecture estim\u00e9e":"1 minute"},"schema":{"@context":"https:\/\/schema.org","@graph":[{"@type":"WebPage","@id":"https:\/\/www.aclanester56.com\/velo\/charte-du-licencie\/","url":"https:\/\/www.aclanester56.com\/velo\/charte-du-licencie\/","name":"Charte du licenci\u00e9 - Avenir Cycliste Lanester 56","isPartOf":{"@id":"https:\/\/www.aclanester56.com\/velo\/#website"},"datePublished":"2019-01-03T21:30:22+00:00","inLanguage":"fr-FR","potentialAction":[{"@type":"ReadAction","target":["https:\/\/www.aclanester56.com\/velo\/charte-du-licencie\/"]}]},{"@type":"WebSite","@id":"https:\/\/www.aclanester56.com\/velo\/#website","url":"https:\/\/www.aclanester56.com\/velo\/","name":"Avenir Cycliste Lanester 56","description":"Club cycliste de l&#039;AC LANESTER 56","publisher":{"@id":"https:\/\/www.aclanester56.com\/velo\/#organization"},"potentialAction":[{"@type":"SearchAction","target":{"@type":"EntryPoint","urlTemplate":"https:\/\/www.aclanester56.com\/velo\/?s={search_term_string}"},"query-input":{"@type":"PropertyValueSpecification","valueRequired":true,"valueName":"search_term_string"}}],"inLanguage":"fr-FR"},{"@type":"Organization","@id":"https:\/\/www.aclanester56.com\/velo\/#organization","name":"Avenir Cycliste Lanester 56","url":"https:\/\/www.aclanester56.com\/velo\/","logo":{"@type":"ImageObject","inLanguage":"fr-FR","@id":"https:\/\/www.aclanester56.com\/velo\/#\/schema\/logo\/image\/","url":"https:\/\/www.aclanester56.com\/velo\/wp-content\/uploads\/2013\/04\/logo-ACL.jpg","contentUrl":"https:\/\/www.aclanester56.com\/velo\/wp-content\/uploads\/2013\/04\/logo-ACL.jpg","width":400,"height":334,"caption":"Avenir Cycliste Lanester 56"},"image":{"@id":"https:\/\/www.aclanester56.com\/velo\/#\/schema\/logo\/image\/"},"sameAs":["https:\/\/www.facebook.com\/pages\/AC-Lanester-56\/190286300991242?fref=ts"]}]}},"_links":{"self":[{"href":"https:\/\/www.aclanester56.com\/velo\/wp-json\/wp\/v2\/pages\/39934","targetHints":{"allow":["GET"]}}],"collection":[{"href":"https:\/\/www.aclanester56.com\/velo\/wp-json\/wp\/v2\/pages"}],"about":[{"href":"https:\/\/www.aclanester56.com\/velo\/wp-json\/wp\/v2\/types\/page"}],"author":[{"embeddable":true,"href":"https:\/\/www.aclanester56.com\/velo\/wp-json\/wp\/v2\/users\/2"}],"replies":[{"embeddable":true,"href":"https:\/\/www.aclanester56.com\/velo\/wp-json\/wp\/v2\/comments?post=39934"}],"version-history":[{"count":3,"href":"https:\/\/www.aclanester56.com\/velo\/wp-json\/wp\/v2\/pages\/39934\/revisions"}],"predecessor-version":[{"id":39938,"href":"https:\/\/www.aclanester56.com\/velo\/wp-json\/wp\/v2\/pages\/39934\/revisions\/39938"}],"wp:attachment":[{"href":"https:\/\/www.aclanester56.com\/velo\/wp-json\/wp\/v2\/media?parent=39934"}],"curies":[{"name":"wp","href":"https:\/\/api.w.org\/{rel}","templated":true}]}}

Charte du licencié

<h3>AVENIR CYCLISTE LANESTER 56 &#8211; CHARTE DU LICENCIE</h3>
<p>&nbsp;</p>
<p>Pour pratiquer le cyclisme dans un bon esprit, les membres du club (toutes catégories confondues) se doivent de&nbsp;respecter cette charte. En cas de non respect de celle-ci, des sanctions pourront être prises (cf article 11 du règlement&nbsp;intérieur) par les membres du Comité Directeur.</p>
<h4>Je m&rsquo;engage à :</h4>
<ul>
<li>Porter obligatoirement un casque homologué à l&rsquo;entraînement et en compétition</li>
<li>&nbsp;Me conformer à la réglementation de la Fédération Française de Cyclisme</li>
<li>&nbsp;Me conformer au règlement intérieur du club</li>
<li>&nbsp;Participer à la vie du club</li>
<li>&nbsp;Respecter les dirigeants, les encadrants et les bénévoles car, sans eux, le club n&rsquo;existerait pas</li>
<li>&nbsp;Respecter le code de la route à l&rsquo;entraînement et en compétition</li>
<li>&nbsp;Préserver la nature lors de mes entraînements et mes courses</li>
<li>&nbsp;Défendre mes chances en respectant l&rsquo;éthique du sport</li>
<li>&nbsp;Suivre les directives des arbitres et ne pas discuter leurs décisions</li>
<li>&nbsp;Porter haut les couleurs du club, avoir l&rsquo;esprit d&rsquo;équipe sans oublier que le cyclisme reste&nbsp;avant tout un loisir</li>
</ul>
<h4>Je m&rsquo;interdis :</h4>
<ul>
<li>D&rsquo;avoir un comportement dangereux envers les autres coureurs</li>
<li>D&rsquo;être irrespectueux avec les bénévoles, les arbitres, et les autres coureurs et d&rsquo;avoir des&nbsp;gestes déplacés</li>
<li>D&rsquo;avoir recours à des produits et procédés illicites en vue d&rsquo;améliorer mes performances</li>
</ul>
<p>Charte validée par le Comité Directeur du 07 décembre 2018<br />
AC Lanester 56 – Charte version 18.12.7</p>
<p>Au format PDF :&nbsp;<a href="https://www.aclanester56.com/velo/wp-content/uploads/2019/01/ACL56-Charte-v18.12.7.pdf">ACL56 &#8211; Charte v18.12.7</a></p>

<!-- This site is optimized with the Yoast SEO plugin v27.5 - https://yoast.com/product/yoast-seo-wordpress/ -->
<title>Charte du licencié - Avenir Cycliste Lanester 56</title>
<meta name="robots" content="index, follow, max-snippet:-1, max-image-preview:large, max-video-preview:-1" />
<link rel="canonical" href="https://www.aclanester56.com/velo/charte-du-licencie/" />
<meta property="og:locale" content="fr_FR" />
<meta property="og:type" content="article" />
<meta property="og:title" content="Charte du licencié - Avenir Cycliste Lanester 56" />
<meta property="og:description" content="AVENIR CYCLISTE LANESTER 56 &#8211; CHARTE DU LICENCIE &nbsp; Pour pratiquer le cyclisme dans un bon esprit, les membres du [&hellip;]" />
<meta property="og:url" content="https://www.aclanester56.com/velo/charte-du-licencie/" />
<meta property="og:site_name" content="Avenir Cycliste Lanester 56" />
<meta property="article:publisher" content="https://www.facebook.com/pages/AC-Lanester-56/190286300991242?fref=ts" />
<meta name="twitter:label1" content="Durée de lecture estimée" />
	<meta name="twitter:data1" content="1 minute" />
<script type="application/ld+json" class="yoast-schema-graph">{"@context":"https:\/\/schema.org","@graph":[{"@type":"WebPage","@id":"https:\/\/www.aclanester56.com\/velo\/charte-du-licencie\/","url":"https:\/\/www.aclanester56.com\/velo\/charte-du-licencie\/","name":"Charte du licencié - Avenir Cycliste Lanester 56","isPartOf":{"@id":"https:\/\/www.aclanester56.com\/velo\/#website"},"datePublished":"2019-01-03T21:30:22+00:00","inLanguage":"fr-FR","potentialAction":[{"@type":"ReadAction","target":["https:\/\/www.aclanester56.com\/velo\/charte-du-licencie\/"]}]},{"@type":"WebSite","@id":"https:\/\/www.aclanester56.com\/velo\/#website","url":"https:\/\/www.aclanester56.com\/velo\/","name":"Avenir Cycliste Lanester 56","description":"Club cycliste de l&#039;AC LANESTER 56","publisher":{"@id":"https:\/\/www.aclanester56.com\/velo\/#organization"},"potentialAction":[{"@type":"SearchAction","target":{"@type":"EntryPoint","urlTemplate":"https:\/\/www.aclanester56.com\/velo\/?s={search_term_string}"},"query-input":{"@type":"PropertyValueSpecification","valueRequired":true,"valueName":"search_term_string"}}],"inLanguage":"fr-FR"},{"@type":"Organization","@id":"https:\/\/www.aclanester56.com\/velo\/#organization","name":"Avenir Cycliste Lanester 56","url":"https:\/\/www.aclanester56.com\/velo\/","logo":{"@type":"ImageObject","inLanguage":"fr-FR","@id":"https:\/\/www.aclanester56.com\/velo\/#\/schema\/logo\/image\/","url":"https:\/\/www.aclanester56.com\/velo\/wp-content\/uploads\/2013\/04\/logo-ACL.jpg","contentUrl":"https:\/\/www.aclanester56.com\/velo\/wp-content\/uploads\/2013\/04\/logo-ACL.jpg","width":400,"height":334,"caption":"Avenir Cycliste Lanester 56"},"image":{"@id":"https:\/\/www.aclanester56.com\/velo\/#\/schema\/logo\/image\/"},"sameAs":["https:\/\/www.facebook.com\/pages\/AC-Lanester-56\/190286300991242?fref=ts"]}]}</script>
<!-- / Yoast SEO plugin. -->

Charte du licencié - Avenir Cycliste Lanester 56
